 n**3 - 27*n**2 + 76*n - 67. What is b(24)?
29
Let y(q) = -2*q**2 - 2845*q + 11409. Give y(4).
-3
Let l(m) = -m**3 + 56*m**2 - 5*m - 17. What is l(56)?
-297
Let b(z) = -2*z**3 + 28*z**2 + 11*z - 164. What is b(14)?
-10
Let h(y) = y**3 + 17*y**2 + 8*y - 60. Calculate h(-17).
-196
Let x(n) = -17*n + 248. Determine x(13).
27
Let h(v) = -2*v**3 - 48*v**2 - 195*v - 4682. Determine h(-24).
-2
Let d(m) = -18*m**3 - 2*m**2 + 4*m + 5. Give d(-1).
17
Let u(a) = 3*a**2 + 13*a + 1. What is u(-1)?
-9
Let k(i) = -i**3 + 15*i**2 - 21*i + 51. What is k(14)?
-47
Let d(v) = 3*v**2 + 150*v + 869. Calculate d(-43).
-34
Let o(i) = -2*i**2 + 49*i - 40. Give o(24).
-16
Let y(a) = 22*a - 1021. Calculate y(52).
123
Let d(t) = -2229*t - 95852. What is d(-43)?
-5
Let t(x) = -6*x**2 + 116*x - 309. Determine t(16).
11
Let w(d) = 3824*d + 15288. What is w(-4)?
-8
Let v(a) = a**2 - 2558*a - 64589. Determine v(-25).
-14
Let k(n) = n**3 + 8*n**2 + 111*n + 872. Give k(-8).
-16
Let v(s) = 33*s - 4565. Determine v(138).
-11
Let p(l) = -2*l**2 - 37*l + 68. Determine p(6).
-226
Let f(m) = 631*m + 14501. Give f(-23).
-12
Let b(y) = -128*y + 1001. Determine b(9).
-151
Let b(q) = -5*q**2 - 711*q + 3679. Give b(5).
-1
Let k(n) = 2*n**3 + 5*n**2 + 15*n + 26. What is k(-2)?
0
Let b(i) = -2*i**2 + 275*i - 3333. Determine b(124).
15
Let y(d) = d**2 - 24*d - 629. Give y(41).
68
Let f(g) = 2*g**3 - 12*g**2 + 8*g + 21. Calculate f(-1).
-1
Let x(q) = -q**3 - 2*q**2 + 27*q + 9. Calculate x(-7).
65
Let j(v) = 1753*v + 115699. Determine j(-66).
1
Let z(a) = -a**2 - 108*a - 816. Calculate z(-8).
-16
Let i(z) = z**2 - 24*z - 9. What is i(23)?
-32
Let s(r) = -3595*r + 39552. Give s(11).
7
Let s(o) = -156*o - 2635. Give s(-17).
17
Let u(g) = g**2 + 23*g - 379. What is u(9)?
-91
Let m(f) = 2*f**3 - 161*f**2 + 82*f - 184. Give m(80).
-24
Let h(j) = 56*j + 1711. Determine h(-30).
31
Let d(p) = -96*p**2 - 395*p + 5. Give d(-4).
49
Let q(t) = 52*t - 1084. Calculate q(20).
-44
Let g(u) = u**2 - 59*u - 116. What is g(-2)?
6
Let v(l) = -23*l**2 + 227*l - 477. Determine v(3).
-3
Let w(o) = o**2 - 20*o - 22. What is w(14)?
-106
Let s(r) = -9*r**2 + 41*r - 24. Give s(4).
-4
Let h(k) = -k**2 - 271*k - 16199. Determine h(-89).
-1
Let c(m) = 7*m**2 + 30*m - 77. Give c(3).
76
Let r(d) = 370*d - 2981. Give r(8).
-21
Let q(v) = -3*v + 339. Calculate q(114).
-3
Let m(n) = -3*n**2 + 108*n - 282. What is m(33)?
15
Let f(p) = -5*p**3 - 72*p**2 - 10*p + 27. Give f(-14).
-225
Let p(j) = -2*j**2 - 13*j - 118. Calculate p(0).
-118
Let t(s) = 30*s**2 - 69*s + 27. What is t(6)?
693
Let p(f) = 2*f**3 - 14*f**2 - 52*f + 4. Give p(12).
820
Let x(c) = -c**3 - 26*c**2 + 39*c - 479. Determine x(-28).
-3
Let c(y) = -3*y**3 + 17*y**2 + 32*y - 17. Give c(7).
11
Let h(j) = -j**3 - 14*j**2 - 11*j + 279. Give h(-9).
-27
Let j(d) = 7*d**2 + 17*d - 8. Give j(-8).
304
Let w(b) = -b**3 + 7*b**2 - 6*b - 8. Determine w(6).
-8
Let x(b) = b**3 + 20*b**2 + 76*b + 1521. Determine x(-20).
1
Let u(j) = j**2 + 11*j - 51. Determine u(7).
75
Let m(z) = -269*z + 3233. What is m(12)?
5
Let x(w) = w**2 + 37*w + 323. Give x(-23).
1
Let r(i) = 3*i**3 - 8*i**2 + 9*i - 9. Calculate r(4).
91
Let w(a) = 21*a**3 + 6*a**2 + 14*a + 15. What is w(-2)?
-157
Let b(h) = -6*h**2 - 14*h - 5. Determine b(-2).
-1
Let q(o) = 318*o + 1916. Give q(-8).
-628
Let c(b) = -5*b**2 + 460*b - 766. Give c(90).
134
Let x(c) = 3*c**2 + 14*c. Determine x(0).
0
Let w(v) = -185*v + 1124. Give w(6).
14
Let m(a) = -2*a**2 - 403*a - 1979. Determine m(-5).
-14
Let y(n) = n**3 - 10*n**2 - 11*n + 18. Determine y(11).
18
Let u(v) = v**3 - 15*v**2 + 9*v - 5. Calculate u(15).
130
Let o(j) = j**3 - 2*j**2 - 3*j + 1. Calculate o(0).
1
Let t(n) = 127*n + 4252. Determine t(-34).
-66
Let k(u) = -232*u**2 - 38*u + 4. Calculate k(0).
4
Let b(g) = -g**3 + 81*g**2 - 66*g - 1123. Determine b(80).
-3
Let s(h) = -227*h - 9985. Determine s(-44).
3
Let s(u) = -3*u**3 + 178*u**2 - 555*u - 282. Determine s(56).
-2
Let v(p) = -p**2 + 118*p - 1656. What is v(16)?
-24
Let p(l) = -1866*l + 11308. Give p(6).
112
Let s(a) = a**3 + 8*a**2 - 56*a + 417. Determine s(-14).
25
Let h(j) = j**2 - 39*j + 10. Determine h(40).
50
Let w(i) = 41*i - 1737. Give w(42).
-15
Let v(h) = -19*h + 180. What is v(4)?
104
Let o(z) = -4*z**2 + 276*z - 2738. Determine o(12).
-2
Let r(u) = 6*u**2 + 475*u + 955. Give r(-77).
-46
Let v(h) = 3*h**3 + 62*h**2 - 24*h + 16. Determine v(-21).
79
Let q(r) = -3*r + 143. Calculate q(38).
29
Let o(c) = c**2 - 885*c + 37005. What is o(44)?
1
Let k(q) = -q**2 + 42*q + 375. What is k(46)?
191
Let a(r) = 789*r + 18934. Calculate a(-24).
-2
Let j(r) = r**3 - 127*r**2 - 951*r + 1742. Calculate j(134).
0
Let l(s) = 104*s + 120. Give l(-1).
16
Let n(w) = -w**2 + 2879*w - 17238. What is n(6)?
0
Let o(k) = -1478*k - 10344. Calculate o(-7).
2
Let o(t) = t**3 - 37*t**2 - 2*t - 2. What is o(0)?
-2
Let x(c) = 328*c - 4966. Calculate x(15).
-46
Let m(d) = 2*d**2 - 40*d - 9. What is m(20)?
-9
Let z(p) = -p**2 + 59*p + 1112. Determine z(74).
2
Let w(f) = f**3 + 16*f**2 + 6*f - 92. Determine w(-14).
216
Let v(f) = -5*f**2 - 5*f + 37. Determine v(-6).
-113
Let f(j) = -j**3 - 10*j**2 - 12*j - 51. Determine f(-11).
202
Let f(w) = 7*w**2 - 109*w - 32. Calculate f(20).
588
Let h(p) = p**3 + 118*p**2 - 270*p - 3596. Give h(-120).
4
Let a(o) = -2*o**3 - 14*o**2 + 14*o + 5. Give a(2).
-39
Let u(c) = 2447*c + 9739. Calculate u(-4).
-49
Let k(n) = n**3 - 6*n**2 - 28*n - 3. Calculate k(8).
-99
Let l(u) = u**2 - 16*u + 272. Give l(0).
272
Let a(u) = u**3 - 15*u**2 - 28*u - 4. Give a(17).
98
Let p(n) = 99*n - 289. What is p(1)?
-190
Let g(p) = 7*p**3 - 5*p**2 + 11*p - 71. What is g(5)?
734
Let q(n) = 2*n**3 + 13*n**2 - 282*n + 15. What is q(9)?
-12
Let f(u) = -3*u**3 - 9*u**2 + 23*u + 84. Determine f(-3).
15
Let h(v) = 37*v - 1192. What is h(32)?
-8
Let o(s) = -s**2 + 4*s - 33. Determine o(7).
-54
Let q(z) = 33*z - 2027. Calculate q(62).
19
Let q(r) = r**3 + 19*r**2 + 19*r + 26. Calculate q(-18).
8
Let r(w) = 7*w**2 - 2314*w - 4650. Give r(-2).
6
Let g(v) = 69*v - 1520. What is g(22)?
-2
Let f(t) = 48*t**2 - 1538*t + 58. What is f(32)?
-6
Let l(z) = 245*z - 106. Give l(-1).
-351
Let l(o) = -36*o + 4298. Determine l(121).
-58
Let h(q) = 1695*q + 6788. Give h(-4).
8
Let h(n) = -755*n + 2238. Calculate h(3).
-27
Let x(g) = 28*g - 2798. What is x(100)?
2
Let d(l) = 875*l - 29751. Give d(34).
-1
Let o(l) = -23*l - 1267. Determine o(-55).
-2
Let q(o) = -o**2 + 123*o + 1562. Calculate q(-12).
-58
Let g(c) = c**2 + 24*c + 174. Determine g(-12).
30
Let k(f) = -37*f - 11. What is k(-3)?
100
Let l(w) = -126*w - 4835. What is l(-38)?
-47
Let c(m) = m**3 - 61*m**2 + 118*m - 26. What is c(59)?
-26
Let i(b) = -b**3 + 22*b**2 + 48*b - 20. Give i(24).
-20
Let v(y) = 24*y - 1728. Calculate v(39).
-792
Let q(o) = 64*o - 230. Give q(4).
26
Let v(o) = -4*o**2 + 35*o - 53. Calculate v(7).
-4
Let n(y) = -2*y**3 - 16*y**2 + 201*y + 5. Calculate n(8).
-435
Let d(g) = 3*g**2 - 198*g + 2. What is d(66)?
2
Let s(f) = 318*f**2 - 3495*f - 40. What is s(11)?
-7
Let u(a) = a**3 - 4*a**2 + 15*a - 84. Give u(5).
16
Let j(p) = 2*p**2 + 15*p - 1013. Give j(19).
-6
Let b(u) = 4*u**2 + 48*u + 110. Give b(-15).
290
Let n(d) = d**2 - 46*d - 2387. Give n(77).
0
Let f(w) = -3*w**3 + 16*w**2 + 14*w - 4. What is f(6)?
8
Let o(k) = 374*k + 65089. Determine o(-174).
13
Let u(c) = 2*c**3 + 63*c**2 + 839*c + 27878. Calculate u(-32).
6
Let z(i) = 264*i + 789. What is z(-3)?
-3
Let s(y) = 9*y**2 + 37*y - 227. Determine s(6).
319
Let f(d) = -d**3 - 102*d**2 - 298*d + 26. What is f(-99)?
125
Let r(c) = c**2 - 127*c + 1694. Give r(112).
14
Let j(g) = 16*g**3 - 11*g**2 - 16*g - 6. Give j(-1).
-17
Let m(g) = 975*g + 216433. Calculate m(-222).
-17
Let y(w) = 3*w**2 + 20*w + 19. What is y(0)?
19
Let b(a) = a**2 - 30*a - 191. Calculate b(36).
25
Let a(k) = 108*k + 1081. What is a(-10)?
1
Let r(i) = -26*i**2 + 109*i - 34. What is r(4)?
-14
Let x(m) = -m**2 - 14*m + 24. Determine x(-9).
69
Let h(v) = v**3 - 40*v**2 + 39*v + 96. What is h(39)?
96
Let o(m) = m**3 - 31*m**2 - 176*m + 6775. What is o(29)?
-11
Let g(m) = 34*m - 3826. What is g(113)?
16
Let x(p) = 89*p - 1728. What is x(19)?
-37
Let t(x) = x**3 - 153*x**2 - 1126*x + 962. What is t(160)?
2
Let k(j) = -586*j + 12384. Give k(21).